its digit of g?
1
Let m = -1892 + 9081. What is the units digit of m?
9
Let z(p) = -1145*p - 2454. What is the hundreds digit of z(-5)?
2
Let z = -224 + 434. Suppose -15*p - z = -20*p. Let k = p + -30. What is the tens digit of k?
1
Let y(a) = a**3 - 27*a**2 + 30*a - 10. Let p(n) = -n**2 + 22*n - 31. Let f be p(19). What is the tens digit of y(f)?
9
Suppose -236*j + 6588575 - 420007 = 0. What is the hundreds digit of j?
1
Suppose 29*q = 27 + 147. Suppose 3*i + 3*w = 2994, -4*i - 4*w = -q*w - 3974. What is the tens digit of i?
9
Let h be (-110)/4 - (-5 - 36/(-8)). Let o = h + 226. What is the units digit of o?
9
Suppose 0 = -16*s + 38 - 22. Let u(b) = 388*b**3 - b**2 + b + 1. What is the hundreds digit of u(s)?
3
Let q(n) = 10*n + 70. Suppose 70 = -2*u - 5*y, 4*y + 6 = u + 28. Let p be q(u). Let s = p + 384. What is the hundreds digit of s?
1
Suppose -8*m = -3*m - 90. Let q = -14 + m. Suppose -5*v = 2*p - 67 - 16, 136 = q*p + 4*v. What is the units digit of p?
9
Suppose -4*d + 39774 = 2*x, -4*d = x - 5412 - 34361. What is the units digit of d?
3
Let j(f) = -2*f**2 - 21*f - 43. Let w(h) = 4*h**2 + 43*h + 86. Let d(a) = -7*j(a) - 3*w(a). What is the units digit of d(-3)?
7
Let j(b) = 0 + 6 - 11 - 13*b - b**2 + 8 + 3. What is the units digit of j(-6)?
8
Let w be (0*2/(-10))/5. What is the units digit of -2 - (-853 + w + 4)?
7
Suppose 60*w - 61*w - 2*t + 21729 = 0, 4*t = 20. What is the thousands digit of w?
1
Let c(n) = 5*n**2 + 8. Let a(r) = 6*r**2 - r + 9. Let u(j) = -4*a(j) + 5*c(j). Let y be u(-2). Suppose y = -5*q + q + 444. What is the hundreds digit of q?
1
Let l = 60944 - 42275. What is the ten thousands digit of l?
1
Suppose -140*i - b = -143*i + 92530, -i + 30834 = 2*b. What is the ten thousands digit of i?
3
Let l be 2/(-6)*0 - -410. Suppose l = k - w + 55, -5*k - 5*w = -1805. What is the units digit of k?
8
Let y be (20/25)/(6/(-15)) + -57. Let z = y + 180. What is the hundreds digit of z?
1
Let v(k) = k**3 - 13*k**2 + 11*k - 14. Let u(g) = 9*g - 49. Let x be u(7). What is the hundreds digit of v(x)?
3
Let w = -18 - -23. Suppose 5*u - 4*j = 254, 5*u = w*j + 146 + 109. What is the tens digit of u?
5
Let k(g) = -g - 2. Let t be k(-5). Let l be (-2 - t)*(-342)/15. Suppose 60 = 6*z - l. What is the units digit of z?
9
Let x = 446 - 17. Let t = -287 + x. What is the units digit of t?
2
Suppose -91*s - 310422 - 229104 = -169*s. What is the hundreds digit of s?
9
Suppose 1 = -o - 3*a, -a - 7 = -o + 4*a. Suppose -o*s + 132 = 4*s. Let i(d) = d**3 - 22*d**2 + 3*d - 23. What is the tens digit of i(s)?
4
Suppose 5*g = -s - 293, 2*g - 3*s - s + 104 = 0. Let o = g - -109. Suppose 0 = -m + 138 + o. What is the tens digit of m?
8
Suppose r + 3615 = 3*g - 2*r, -2*r = 5*g - 5997. Suppose 0 = 3*z + d - 5*d - 924, 0 = 4*z + 5*d - g. What is the units digit of z?
4
Let m be (((-18)/5)/1)/((-244)/1830). Suppose 2125 = m*g - 11105. What is the units digit of g?
0
Let v = -659 + 975. Let p = v + 13. Suppose 0 = 5*k - 201 - p. What is the units digit of k?
6
Let q = 5987 + 10042. What is the tens digit of q?
2
Let m(j) be the second derivative of j**5/10 - 5*j**4/6 - 11*j**3/6 + 27*j**2/2 - 34*j. Let b be m(8). Suppose 5*z = 933 - b. What is the hundreds digit of z?
1
Let b = -877 - -2555. Let u = b + 71. What is the tens digit of u?
4
Suppose 224163 + 187000 = 73*k - 175684. What is the thousands digit of k?
8
What is the tens digit of 8/6*574665/20?
1
Let m be ((-6 - -3) + 4)*(2 - 4). Let r be (m + (-3)/4)*(2 - 6). What is the units digit of -2 + r - 6/6?
8
Let t(k) = 6*k - 21. Suppose 0 = -11*p + 10*p + 6. Let i be t(p). What is the units digit of (-6)/i - (-108)/20?
5
Suppose 4*q + m = 11932, -7*m = -q - 8*m + 2983. Let c = q + -2017. Suppose 2*d = -3*o + 305, -353 = 4*d + 5*o - c. What is the hundreds digit of d?
1
Let p = -1207 + 3124. What is the hundreds digit of p?
9
Suppose l + 736 = 5*x, 0 = -l - 0*x - 3*x - 704. Let b = 1206 + l. What is the tens digit of b?
9
Let o(z) = z**2 - 41*z + 84. Let u be o(25). Let y = 255 - u. What is the units digit of y?
1
Let a(q) = -q - 36. Let c be a(-37). What is the units digit of (66 + 709)/(c + 0)?
5
Let f = -158 + 248. Let n = f + 291. What is the tens digit of n?
8
What is the thousands digit of (8 + -10 - 725)/(2/(-4))?
1
What is the hundreds digit of (79224/18 - 0) + -6 + 184/24?
4
Let h be -3 - (-4)/2 - (-3 - 5). Suppose -506 = 2*t - h*t + 4*c, 510 = 5*t - 5*c. Let x = 159 - t. What is the units digit of x?
1
Let t(z) = -z**3 - 5*z**2 + 4*z - 7. Suppose -q + 5 = 11. Let p be t(q). Suppose -x = -0*x + i - 69, 4*x + p*i - 274 = 0. What is the tens digit of x?
7
Suppose 680 = -5*z - 5*o, z + 72 = -3*o - 70. What is the tens digit of 6/(-14) + (-49799)/z?
7
Suppose -4*j = -8 - 84. Suppose -6*b + j = -13. What is the tens digit of ((-4)/b)/((-7)/126)?
1
Let u(c) = -817*c**3 - 19*c**2 + 19*c. Let z(i) = -409*i**3 - 9*i**2 + 9*i. Let n(d) = 6*u(d) - 13*z(d). What is the units digit of n(1)?
5
Let d = -113 + 51. Suppose q - 4*o + 99 + 41 = 0, 5*q = -5*o - 575. Let f = d - q. What is the tens digit of f?
5
Let t(o) = 43*o**2 + 33*o + 41. Suppose 11*g + 104 = 7*g. Let y(v) = -11*v**2 - 8*v - 10. Let j(f) = g*y(f) - 6*t(f). What is the tens digit of j(-3)?
3
Let a = -486 - -338. Let r = a - -1934. What is the units digit of r?
6
Suppose 0 = 5*k - 0 - 5, -4*r + 2*k + 1134 = 0. Suppose -r - 236 = -5*t. What is the units digit of t?
4
Let z be (-10)/(-4) + 1/(-6)*3. Suppose 0*a + z*a = 4. Suppose -m = -a*h + 181, 202 = 5*h + 3*m - 256. What is the tens digit of h?
9
Suppose 4*r - 3*u = -346, 19*u - 168 = 2*r + 20*u. Let c = 802 + r. What is the hundreds digit of c?
7
Let k be 107/(45/(-40) + 0 - -1). Let z = -53 - k. What is the units digit of z?
3
What is the ten thousands digit of (-5 + (-582040)/30)*(-180)/105?
3
Let q be 2*(-11)/(-4) - (-3)/6. Let r(h) = 2*h**2 - 16*h + 24. Let f be r(q). What is the tens digit of 2/(-2 + f) + (-154)/(-2)?
7
Let x = 0 + -4. Let c(b) = 168 - 160 + 10*b - 9*b. What is the units digit of c(x)?
4
Suppose -5*b + 129492 = 103*b. What is the hundreds digit of b?
1
Suppose 3*a = -5*c + 8391, -28*a = -4*c - 31*a + 6714. Suppose -4*w + 1436 = -v - 815, -3*v - c = -3*w. What is the units digit of w?
4
Suppose 11*t - 1 + 8955 = 0. Let d = t - -1599. What is the hundreds digit of d?
7
Suppose -3*k - r + 9 = k, -3*k + r + 12 = 0. Suppose 40 = k*l + 10. What is the units digit of (-182)/(-4) - 5/l?
5
Suppose 21*a = -4*a - 2*a + 675324. What is the ten thousands digit of a?
2
Suppose 24*k - 27*k + 79721 = -2*l, 3*k - 79693 = -5*l. What is the ten thousands digit of k?
2
Let j(l) = 57*l**2 + l - 1. Let a be j(1). Let q(v) = -25*v - 1026. Let u be q(-41). What is the tens digit of u + (1 + -2)/1 + a?
5
Let v(u) = 788*u**3 - 10*u**2 + 11*u - 8. What is the tens digit of v(3)?
1
Let t(g) = -2*g**2 - 25*g - 8. Let w be t(-12). What is the tens digit of (w - 2) + (-1 - 26*-9)?
3
Suppose 2207*u - 2211*u + 63299 = t, 5*t = 35. What is the units digit of u?
3
Let a(z) = 3*z - 9. Let g be a(3). Suppose -2*q + g*q = 140. Let m = -42 - q. What is the tens digit of m?
2
Let z = -43 + 40. What is the units digit of z + 3 - (-2 + -433)?
5
Let g(y) = 5*y**2 + 19*y - 2. Let q be g(-4). Suppose -3*l - 9 = 3*x, 3*l = -q*x - 4 - 4. What is the units digit of x/(-4) - (-1455)/20?
3
Suppose 3*t + 11 = 5*j - 2, 5*t = 2*j + 10. Suppose 4*d + 316 = -m + 4262, -j*d + m = -4928. Suppose 8*n + 82 = d. What is the hundreds digit of n?
1
Let d be -1 + 6 - (0 + 2474 + 2). Let u = d + 3691. What is the hundreds digit of u?
2
Suppose d + 0 + 1 = 0. Let t(l) be the second derivative of 3*l**4/2 - l**3/3 - 2*l + 1. What is the units digit of t(d)?
0
Let n(h) = 20*h**2 + 43*h - 65. What is the units digit of n(18)?
9
Suppose -150*c - 143*c + 300587 = -270*c. What is the units digit of c?
9
Suppose 2*a - 3646 = 2*h, 0 = -3*a + 6*h - h + 5465. Let c = a - 901. What is the units digit of c?
4
Suppose 19 = 9*t - 26. Suppose 3*w = t*n - 9 - 10, 2*w - 24 = -4*n. What is the tens digit of (1/w)/(3/498)?
8
Let r(h) = h**2 + 15*h + 5. Let a(f) = -f**2 - 14*f - 5. Let m(p) = -2*a(p) - 3*r(p). What is the tens digit of m(-11)?
6
Suppose 37*c + 22*c - 23088 = 11*c. What is the hundreds digit of c?
4
Suppose 17*j - 24*j + 728 = 0. Suppose 2*a